{"id":32,"date":"2017-12-06T18:00:42","date_gmt":"2017-12-06T17:00:42","guid":{"rendered":"http:\/\/ayklwzkabb.cyon.link\/dienstleistungen\/beispiele-fuer-studienreisen\/"},"modified":"2018-01-11T15:13:43","modified_gmt":"2018-01-11T14:13:43","slug":"beispiele-fuer-studienreisen","status":"publish","type":"page","link":"https:\/\/politexchange.ch\/de\/dienstleistungen\/beispiele-fuer-studienreisen\/","title":{"rendered":"Beispiele f\u00fcr Studienreisen"},"content":{"rendered":"<h1>Beispiele f\u00fcr Studienreisen<\/h1>\n<p>Die folgenden Beispiele sollen Anregung bieten, wie Studienreisen aussehen k\u00f6nnten. Das genaue Programm wird jeweils in Absprache, basierend auf Ihren Zielsetzungen und Bed\u00fcrfnissen, mit Ihnen entwickelt. Wissensvermittlung und Erfahrungsaustausch auf Augenh\u00f6he stehen h\u00e4ufig im Zentrum. In vielen F\u00e4llen soll die Studienreise dar\u00fcber hinaus noch weitere Ziele erf\u00fcllen, etwa Vertrauensbildung innerhalb der Gruppe oder Netzwerkpflege. Wir machen es uns zur Aufgabe, die Besuchenden so weit wie m\u00f6glich mit \u201cpeers\u201d zusammenzubringen, die in \u00e4hnlicher Funktion mit vergleichbaren Herausforderungen konfrontiert waren oder sind. Wir stellen sicher, dass die Praxis im Vordergrund steht und sind \u00fcberzeugt, dass ein Augenschein vor Ort meist n\u00fctzlicher ist, als ein Vortrag im Sitzungszimmer. Wir sind uns bewusst, dass die Delegationen die n\u00f6tige Wertsch\u00e4tzung durch protokollarische Treffen erfahren m\u00fcssen und es auch ein Rahmenprogramm braucht.<\/p>\n<div id=\"attachment_246\" style=\"width: 160px\" class=\"wp-caption alignleft\"><a href=\"http:\/\/ayklwzkabb.cyon.link\/dezentralisierung\/\"><img loading=\"lazy\" decoding=\"async\" aria-describedby=\"caption-attachment-246\" class=\"wp-image-246 size-thumbnail\" src=\"http:\/\/ayklwzkabb.cyon.link\/wp-content\/uploads\/2017\/12\/BundeshausDeckeKantone-1-e1513183596664-150x150.jpg\" alt=\"\" width=\"150\" height=\"150\" srcset=\"https:\/\/politexchange.ch\/wp-content\/uploads\/2017\/12\/BundeshausDeckeKantone-1-e1513183596664-150x150.jpg 150w, https:\/\/politexchange.ch\/wp-content\/uploads\/2017\/12\/BundeshausDeckeKantone-1-e1513183596664.jpg 299w, https:\/\/politexchange.ch\/wp-content\/uploads\/2017\/12\/BundeshausDeckeKantone-1-e1513183596664-125x125.jpg 125w\" sizes=\"(max-width: 150px) 100vw, 150px\" \/><\/a><p id=\"caption-attachment-246\" class=\"wp-caption-text\">Beispiel &#8222;Dezentralisierung&#8220;<\/p><\/div>\n<div id=\"attachment_241\" style=\"width: 160px\" class=\"wp-caption alignleft\"><a href=\"http:\/\/ayklwzkabb.cyon.link\/integration-von-minderheiten\/\"><img loading=\"lazy\" decoding=\"async\" aria-describedby=\"caption-attachment-241\" class=\"wp-image-241 size-thumbnail\" src=\"http:\/\/ayklwzkabb.cyon.link\/wp-content\/uploads\/2017\/12\/MOS4750-1-e1513183653497-150x150.jpg\" alt=\"\" width=\"150\" height=\"150\" srcset=\"https:\/\/politexchange.ch\/wp-content\/uploads\/2017\/12\/MOS4750-1-e1513183653497-150x150.jpg 150w, https:\/\/politexchange.ch\/wp-content\/uploads\/2017\/12\/MOS4750-1-e1513183653497.jpg 299w, https:\/\/politexchange.ch\/wp-content\/uploads\/2017\/12\/MOS4750-1-e1513183653497-125x125.jpg 125w\" sizes=\"(max-width: 150px) 100vw, 150px\" \/><\/a><p id=\"caption-attachment-241\" class=\"wp-caption-text\">Beispiel &#8222;Integration von Minderheiten&#8220;<\/p><\/div>\n<div id=\"attachment_234\" style=\"width: 160px\" class=\"wp-caption alignleft\"><a href=\"http:\/\/ayklwzkabb.cyon.link\/umgang-mit-interessenskonflikten\/\"><img loading=\"lazy\" decoding=\"async\" aria-describedby=\"caption-attachment-234\" class=\"wp-image-234 size-thumbnail\" src=\"http:\/\/ayklwzkabb.cyon.link\/wp-content\/uploads\/2017\/12\/PaulKlee-1-e1513183688197-150x150.jpg\" alt=\"\" width=\"150\" height=\"150\" srcset=\"https:\/\/politexchange.ch\/wp-content\/uploads\/2017\/12\/PaulKlee-1-e1513183688197-150x150.jpg 150w, https:\/\/politexchange.ch\/wp-content\/uploads\/2017\/12\/PaulKlee-1-e1513183688197-300x300.jpg 300w, https:\/\/politexchange.ch\/wp-content\/uploads\/2017\/12\/PaulKlee-1-e1513183688197-125x125.jpg 125w, https:\/\/politexchange.ch\/wp-content\/uploads\/2017\/12\/PaulKlee-1-e1513183688197.jpg 450w\" sizes=\"(max-width: 150px) 100vw, 150px\" \/><\/a><p id=\"caption-attachment-234\" class=\"wp-caption-text\">Beispiel &#8222;Umgang mit Interessenskonflikten&#8220;<\/p><\/div>\n","protected":false},"excerpt":{"rendered":"<p>Beispiele f\u00fcr Studienreisen Die folgenden Beispiele sollen Anregung bieten, wie Studienreisen aussehen k\u00f6nnten. Das genaue Programm wird jeweils in Absprache, basierend auf Ihren Zielsetzungen und Bed\u00fcrfnissen, mit Ihnen entwickelt. Wissensvermittlung und Erfahrungsaustausch auf Augenh\u00f6he stehen h\u00e4ufig im Zentrum. In vielen F\u00e4llen soll die Studienreise dar\u00fcber hinaus noch weitere Ziele erf\u00fcllen, etwa Vertrauensbildung innerhalb der Gruppe<a class=\"excerpt-read-more\" href=\"https:\/\/politexchange.ch\/de\/dienstleistungen\/beispiele-fuer-studienreisen\/\" title=\"ReadBeispiele f\u00fcr Studienreisen\">&#8230; Read more &raquo;<\/a><\/p>\n","protected":false},"author":1,"featured_media":0,"parent":11,"menu_order":3,"comment_status":"closed","ping_status":"closed","template":"template-full-width-ohne.php","meta":{"footnotes":""},"_links":{"self":[{"href":"https:\/\/politexchange.ch\/de\/wp-json\/wp\/v2\/pages\/32"}],"collection":[{"href":"https:\/\/politexchange.ch\/de\/wp-json\/wp\/v2\/pages"}],"about":[{"href":"https:\/\/politexchange.ch\/de\/wp-json\/wp\/v2\/types\/page"}],"author":[{"embeddable":true,"href":"https:\/\/politexchange.ch\/de\/wp-json\/wp\/v2\/users\/1"}],"replies":[{"embeddable":true,"href":"https:\/\/politexchange.ch\/de\/wp-json\/wp\/v2\/comments?post=32"}],"version-history":[{"count":12,"href":"https:\/\/politexchange.ch\/de\/wp-json\/wp\/v2\/pages\/32\/revisions"}],"predecessor-version":[{"id":318,"href":"https:\/\/politexchange.ch\/de\/wp-json\/wp\/v2\/pages\/32\/revisions\/318"}],"up":[{"embeddable":true,"href":"https:\/\/politexchange.ch\/de\/wp-json\/wp\/v2\/pages\/11"}],"wp:attachment":[{"href":"https:\/\/politexchange.ch\/de\/wp-json\/wp\/v2\/media?parent=32"}],"curies":[{"name":"wp","href":"https:\/\/api.w.org\/{rel}","templated":true}]}}

Beispiele für Studienreisen

<h1>Beispiele für Studienreisen</h1>
<p>Die folgenden Beispiele sollen Anregung bieten, wie Studienreisen aussehen könnten. Das genaue Programm wird jeweils in Absprache, basierend auf Ihren Zielsetzungen und Bedürfnissen, mit Ihnen entwickelt. Wissensvermittlung und Erfahrungsaustausch auf Augenhöhe stehen häufig im Zentrum. In vielen Fällen soll die Studienreise darüber hinaus noch weitere Ziele erfüllen, etwa Vertrauensbildung innerhalb der Gruppe oder Netzwerkpflege. Wir machen es uns zur Aufgabe, die Besuchenden so weit wie möglich mit “peers” zusammenzubringen, die in ähnlicher Funktion mit vergleichbaren Herausforderungen konfrontiert waren oder sind. Wir stellen sicher, dass die Praxis im Vordergrund steht und sind überzeugt, dass ein Augenschein vor Ort meist nützlicher ist, als ein Vortrag im Sitzungszimmer. Wir sind uns bewusst, dass die Delegationen die nötige Wertschätzung durch protokollarische Treffen erfahren müssen und es auch ein Rahmenprogramm braucht.</p>
<div id="attachment_246" style="width: 160px" class="wp-caption alignleft"><a href="http://ayklwzkabb.cyon.link/dezentralisierung/"><img loading="lazy" decoding="async" aria-describedby="caption-attachment-246" class="wp-image-246 size-thumbnail" src="http://ayklwzkabb.cyon.link/wp-content/uploads/2017/12/BundeshausDeckeKantone-1-e1513183596664-150x150.jpg" alt="" width="150" height="150" srcset="https://politexchange.ch/wp-content/uploads/2017/12/BundeshausDeckeKantone-1-e1513183596664-150x150.jpg 150w, https://politexchange.ch/wp-content/uploads/2017/12/BundeshausDeckeKantone-1-e1513183596664.jpg 299w, https://politexchange.ch/wp-content/uploads/2017/12/BundeshausDeckeKantone-1-e1513183596664-125x125.jpg 125w" sizes="(max-width: 150px) 100vw, 150px" /></a><p id="caption-attachment-246" class="wp-caption-text">Beispiel &#8222;Dezentralisierung&#8220;</p></div>
<div id="attachment_241" style="width: 160px" class="wp-caption alignleft"><a href="http://ayklwzkabb.cyon.link/integration-von-minderheiten/"><img loading="lazy" decoding="async" aria-describedby="caption-attachment-241" class="wp-image-241 size-thumbnail" src="http://ayklwzkabb.cyon.link/wp-content/uploads/2017/12/MOS4750-1-e1513183653497-150x150.jpg" alt="" width="150" height="150" srcset="https://politexchange.ch/wp-content/uploads/2017/12/MOS4750-1-e1513183653497-150x150.jpg 150w, https://politexchange.ch/wp-content/uploads/2017/12/MOS4750-1-e1513183653497.jpg 299w, https://politexchange.ch/wp-content/uploads/2017/12/MOS4750-1-e1513183653497-125x125.jpg 125w" sizes="(max-width: 150px) 100vw, 150px" /></a><p id="caption-attachment-241" class="wp-caption-text">Beispiel &#8222;Integration von Minderheiten&#8220;</p></div>
<div id="attachment_234" style="width: 160px" class="wp-caption alignleft"><a href="http://ayklwzkabb.cyon.link/umgang-mit-interessenskonflikten/"><img loading="lazy" decoding="async" aria-describedby="caption-attachment-234" class="wp-image-234 size-thumbnail" src="http://ayklwzkabb.cyon.link/wp-content/uploads/2017/12/PaulKlee-1-e1513183688197-150x150.jpg" alt="" width="150" height="150" srcset="https://politexchange.ch/wp-content/uploads/2017/12/PaulKlee-1-e1513183688197-150x150.jpg 150w, https://politexchange.ch/wp-content/uploads/2017/12/PaulKlee-1-e1513183688197-300x300.jpg 300w, https://politexchange.ch/wp-content/uploads/2017/12/PaulKlee-1-e1513183688197-125x125.jpg 125w, https://politexchange.ch/wp-content/uploads/2017/12/PaulKlee-1-e1513183688197.jpg 450w" sizes="(max-width: 150px) 100vw, 150px" /></a><p id="caption-attachment-234" class="wp-caption-text">Beispiel &#8222;Umgang mit Interessenskonflikten&#8220;</p></div>

<p>Beispiele für Studienreisen Die folgenden Beispiele sollen Anregung bieten, wie Studienreisen aussehen könnten. Das genaue Programm wird jeweils in Absprache, basierend auf Ihren Zielsetzungen und Bedürfnissen, mit Ihnen entwickelt. Wissensvermittlung und Erfahrungsaustausch auf Augenhöhe stehen häufig im Zentrum. In vielen Fällen soll die Studienreise darüber hinaus noch weitere Ziele erfüllen, etwa Vertrauensbildung innerhalb der Gruppe<a class="excerpt-read-more" href="https://politexchange.ch/de/dienstleistungen/beispiele-fuer-studienreisen/" title="ReadBeispiele für Studienreisen">&#8230; Read more &raquo;</a></p>
